 hundreds digit of 3374?
3
What is the ten thousands digit of 47732?
4
What is the tens digit of 28317?
1
What is the hundreds digit of 981?
9
What is the hundreds digit of 341?
3
What is the hundreds digit of 407?
4
What is the tens digit of 2052?
5
What is the tens digit of 68?
6
What is the thousands digit of 46368?
6
What is the hundreds digit of 938?
9
What is the hundred thousands digit of 131938?
1
What is the hundreds digit of 9241?
2
What is the ten thousands digit of 47408?
4
What is the hundreds digit of 41272?
2
What is the thousands digit of 11060?
1
What is the units digit of 3896?
6
What is the units digit of 3518?
8
What is the tens digit of 22436?
3
What is the units digit of 2242?
2
What is the units digit of 734?
4
What is the thousands digit of 4008?
4
What is the thousands digit of 5721?
5
What is the units digit of 23890?
0
What is the units digit of 608?
8
What is the hundreds digit of 14099?
0
What is the hundreds digit of 2890?
8
What is the thousands digit of 15188?
5
What is the tens digit of 2429?
2
What is the tens digit of 1161?
6
What is the ten thousands digit of 33780?
3
What is the units digit of 1710?
0
What is the units digit of 166?
6
What is the thousands digit of 23236?
3
What is the tens digit of 10474?
7
What is the tens digit of 8949?
4
What is the tens digit of 27199?
9
What is the units digit of 357?
7
What is the thousands digit of 2553?
2
What is the hundreds digit of 9609?
6
What is the tens digit of 9264?
6
What is the hundreds digit of 9852?
8
What is the units digit of 72180?
0
What is the tens digit of 37512?
1
What is the hundreds digit of 409?
4
What is the ten thousands digit of 11942?
1
What is the tens digit of 15316?
1
What is the units digit of 12648?
8
What is the ten thousands digit of 28281?
2
What is the ten thousands digit of 18108?
1
What is the tens digit of 10531?
3
What is the thousands digit of 6176?
6
What is the units digit of 2660?
0
What is the tens digit of 36486?
8
What is the units digit of 475?
5
What is the thousands digit of 8561?
8
What is the hundreds digit of 1136?
1
What is the hundreds digit of 3195?
1
What is the tens digit of 2084?
8
What is the units digit of 5774?
4
What is the thousands digit of 8042?
8
What is the tens digit of 1210?
1
What is the tens digit of 998?
9
What is the tens digit of 1348?
4
What is the thousands digit of 4966?
4
What is the tens digit of 1663?
6
What is the units digit of 5499?
9
What is the thousands digit of 6540?
6
What is the ten thousands digit of 106967?
0
What is the hundreds digit of 3305?
3
What is the units digit of 410?
0
What is the thousands digit of 4092?
4
What is the tens digit of 924?
2
What is the units digit of 4675?
5
What is the tens digit of 3077?
7
What is the tens digit of 176?
7
What is the units digit of 717?
7
What is the tens digit of 3573?
7
What is the tens digit of 1117?
1
What is the tens digit of 23928?
2
What is the thousands digit of 20032?
0
What is the thousands digit of 126797?
6
What is the thousands digit of 3149?
3
What is the tens digit of 2549?
4
What is the tens digit of 1521?
2
What is the thousands digit of 7902?
7
What is the units digit of 265?
5
What is the thousands digit of 4416?
4
What is the tens digit of 400?
0
What is the hundreds digit of 134?
1
What is the units digit of 25366?
6
What is the thousands digit of 13387?
3
What is the units digit of 1?
1
What is the units digit of 1890?
0
What is the hundreds digit of 9296?
2
What is the tens digit of 17923?
2
What is the ten thousands digit of 19315?
1
What is the units digit of 17897?
7
What is the units digit of 7594?
4
What is the hundreds digit of 2981?
9
What is the hundreds digit of 169?
1
What is the hundreds digit of 4901?
9
What is the tens digit of 14099?
9
What is the thousands digit of 7054?
7
What is the tens digit of 1453?
5
What is the tens digit of 81722?
2
What is the thousands digit of 4899?
4
What is the ten thousands digit of 74281?
7
What is the hundreds digit of 1595?
5
What is the tens digit of 1837?
3
What is the units digit of 10934?
4
What is the tens digit of 4567?
6
What is the units digit of 1317?
7
What is the tens digit of 487?
8
What is the thousands digit of 4898?
4
What is the tens digit of 551?
5
What is the hundred thousands digit of 106849?
1
What is the tens digit of 3396?
9
What is the tens digit of 11747?
4
What is the tens digit of 653?
5
What is the units digit of 1500?
0
What is the thousands digit of 20121?
0
What is the hundreds digit of 2526?
5
What is the hundreds digit of 1816?
8
What is the tens digit of 4804?
0
What is the thousands digit of 12760?
2
What is the thousands digit of 8785?
8
What is the tens digit of 25969?
6
What is the tens digit of 64?
6
What is the hundreds digit of 8324?
3
What is the tens digit of 780?
8
What is the thousands digit of 6904?
6
What is the units digit of 472?
2
What is the ten thousands digit of 123702?
2
What is the thousands digit of 34841?
4
What is the tens digit of 6434?
3
What is the hundreds digit of 3927?
9
What is the thousands digit of 4930?
4
What is the thousands digit of 1533?
1
What is the units digit of 1983?
3
What is the units digit of 17214?
4
What is the tens digit of 243?
4
What is the units digit of 135917?
7
What is the tens digit of 4081?
8
What is the hundreds digit of 198?
1
What is the units digit of 1646?
6
What is the ten thousands digit of 116797?
1
What is the units digit of 1676?
6
What is the hundreds digit of 347?
3
What is the units digit of 1011?
1
What is the units digit of 4354?
4
What is the ten thousands digit of 22153?
2
What is the ten thousands digit of 29184?
2
What is the tens digit of 15729?
2
What is the units digit of 735?
5
What is the hundreds digit of 122480?
4
What is the tens digit of 3432?
3
What is the ten thousands digit of 16168?
1
What is the units digit of 9873?
3
What is the tens digit of 842?
4
What is the units digit of 815?
5
What is the ten thousands digit of 35151?
3
What is the tens digit of 1398?
9
What is the units digit of 5873?
3
What is the thousands digit of 7309?
7
What is the tens digit of 371?
7
What is the thousands digit of 88170?
8
What is the hundreds digit of 4410?
4
What is the units digit of 10972?
2
What is the ten thousands digit of 18189?
1
What is the thousands digit of 90561?
0
What is the units digit of 4591?
1
What is the units digit of 2101?
1
What is the units digit of 2901?
1
What is the hundreds digit of 15383?
3
What is the tens digit of 889?
8
What is the thousands digit of 73520?
3
What is the tens digit of 1088?
8
What is the hundreds digit of 1476?
4
What is the tens digit of 17060?
6
What is the tens digit of 53346?
4
What is the tens digit of 454?
5
What is the hundreds digit of 16331?
3
What is the thousands digit of 41065?
1
What is the units digit of 7795?
5
What is the units digit of 39403?
3
What is the units digit of 16960?
0
What is the tens digit of 2826?
2
What is the hundreds digit of 1569?
5
What is the tens digit of 3720?
2
What is the hundreds digit of 75000?
0
What is the units digit of 3262?
2
What is the tens digit of 8319?
1
What is the tens digit of 2281?
8
What is the ten thousands digit of 80210?
8
What is the hundreds digit of 22398?
3
What is the thousands digit of 16033?
6
What is the tens digit of 2068?
6
What is the units digit of 27633?
3
What is the tens digit of 938?
3
What is the units digit of 402?
2
What is the ten thousands digit of 13121?
1
What is the thousands digit of 2812?
2
What is the units digit of 24613?
3
What is the thousands digit of 1032?
1
What is the tens digit of 1685?
8
What is the hundreds digit of 27014?
0
What is the tens digit of 1373?
7
What is the units digit of 1682?
2
What is the tens digit of 62364?
6
What is the units digit of 613?
3
What is the tens digit of 35?
3
What is the units digit of 513?
3
What is the thousands digit of 177789?
7
What is the hundreds digit of 2454?
4
What is the tens digit of 12741?
4
What is the tens digit of 6487?
8
What is the ten thousands digit of 55336?
5
What is the ten thousands digit of 12003?
1
What is the hundreds digit of 873?
8
What is the hundreds digit of 10445?
4
What is the ten thousands digit of 29930?
2
What is the thousands digit of 1660